ist the prime factors of f.
2, 3
Let f = -5 + 12. Let z = f - -6. Let a = z - 8. What are the prime factors of a?
5
Suppose 12 = 2*y + 4. Let x = 124 + -52. Suppose -a + 0*f - f + 18 = 0, x = y*a + f. List the prime factors of a.
2, 3
Suppose 0 = -2*y + y + 13. Let z = y - 22. What are the prime factors of (z/15)/(2/(-50))?
3, 5
Suppose 0 = -5*n + 4*p + 2 + 1, 2*p = 3*n - 3. Suppose b + y = 7, -5*b = -y - 2*y - n. List the prime factors of b.
3
Let d = -1 + 1. Suppose 5*i = -0*l + 4*l + 85, -2*i - l + 21 = d. List the prime factors of i.
13
Let d = -11 + 25. Let g be (-4)/d - (-128)/7. What are the prime factors of 86/g + (-6)/(-27)?
5
Let d(v) = 2*v**3 - v**2 + v + 1. Let r be d(-1). Let x = 15 + -9. Let f = x + r. What are the prime factors of f?
3
Suppose -4*n = 3*x + 8, 0 = -2*x - 0 - 8. Let s be n/3 - (-8)/12. Suppose 3*l - 28 - s = -g, -2*g - 14 = -2*l. What are the prime factors of l?
3
Suppose -2*u = 4*v + 175 - 23, -v = -2*u + 43. Let d = -28 - v. List the prime factors of d.
11
Let q(f) = 2*f - 6. Let l be q(4). Let w be (-2)/(-6) + l/(-6). Suppose 10 = 5*u - w. What are the prime factors of u?
2
Let g = 14 + -8. Suppose -10 - g = -2*p. Suppose h = -s + 3*s - p, s + 2*h = -6. List the prime factors of s.
2
Let p(c) = -c + 17. What are the prime factors of p(8)?
3
Let t = 4 + -8. Let m(h) = -h**2 - 6*h - 4. Let q be m(t). Suppose -q*a + a + 9 = 0. What are the prime factors of a?
3
Let h = 63 + -35. List the prime factors of h.
2, 7
Let d = 27 + -21. Suppose 5*o - d = 89. What are the prime factors of o?
19
Let n = -71 - -101. Suppose -2*t = -4*x + 2*t + 24, 2*t = -4*x + n. Suppose -x = -2*w + w. What are the prime factors of w?
7
Suppose 13 = 5*w - 3*s + 6*s, 0 = -4*w - 3*s + 8. List the prime factors of 4/w*(-60)/(-8).
2, 3
Let q = 315 + -198. Suppose 3*i - q = 4*k, 3*k = k. What are the prime factors of i?
3, 13
What are the prime factors of -3 + 41 + (-6)/2?
5, 7
Suppose 0*p + p + 2*z - 50 = 0, -2*p + 4*z = -132. List the prime factors of p.
2, 29
Let f(z) = z**3 - 5*z**2 - 4*z - 7. Let d be (6 - 0) + 0/(-3). List the prime factors of f(d).
5
Let o(z) = 2 + 7*z + 0*z**2 + 2*z**2 - 2*z. Let b be o(-3). Suppose -3*s - 23 + b = -2*y, 4*y - s = 26. List the prime factors of y.
2, 3
Let d(g) = 10*g**2 + 22*g + 22. Let r(o) = -4*o**2 - 9*o - 9. Let a(h) = 5*d(h) + 12*r(h). Let f be a(3). List the prime factors of -15*(2 - f/10).
3
Suppose 0 = 5*s + l - 4*l - 26, 2*s - 4 = -2*l. Suppose 4*u + 4 = -4*t, -2*t + 2*u + 2*u = -s. Suppose t = -5*m + 28 + 12. List the prime factors of m.
2
List the prime factors of (-25)/5*8/(-5).
2
Let h(f) = -f - 3. Let u be h(0). Let m = u + 22. List the prime factors of m.
19
Suppose i = -4*c + 591, -c + 5*c - 585 = i. What are the prime factors of c?
3, 7
Let x(v) be the second derivative of -v**4/12 + 7*v**3/3 + 17*v**2/2 + 3*v. What are the prime factors of x(14)?
17
Suppose 5*m - 85 = 85. Suppose -2 + m = j. What are the prime factors of j?
2
Let b(i) be the second derivative of i**5/20 - i**4/12 - i**3/6 + 22*i**2 - i. What are the prime factors of b(0)?
2, 11
Suppose 42*m - 34*m = 904. What are the prime factors of m?
113
Let w be (2 + 2 + 0)/2. Suppose 65 = 2*k - 7*k + 3*g, 26 = -w*k + 2*g. Let c = k - -21. List the prime factors of c.
2
List the prime factors of 8/((-8)/(-2)) + 66.
2, 17
Let u be (34/(-4))/(1/(-2)). Suppose -4*j + u = -5*n, j = -6*n + n - 2. Suppose -j*y + 44 = -13. What are the prime factors of y?
19
Suppose -l - 4 = -30. List the prime factors of l.
2, 13
Let y(s) = -77*s + 90*s - 2 + 0. What are the prime factors of y(2)?
2, 3
Let g = 2 - -3. Suppose 2*p - g*q - 35 = 0, -3*p + q + 47 = -q. List the prime factors of p.
3, 5
Let h = -17 + 27. List the prime factors of h.
2, 5
Let q = 6 - 4. Suppose 0 = 5*m + v + 2*v - 39, v + q = 0. List the prime factors of m.
3
Let d = -27 - -84. List the prime factors of d.
3, 19
Let v(l) = -12*l**2 - 2*l. Suppose -g - 4*g = -10. Let m be v(g). What are the prime factors of m/(-5) - 4/10?
2, 5
What are the prime factors of (112/80)/(1*(-1)/(-55))?
7, 11
Let r(x) be the first derivative of -x**3/3 + 5*x**2 + 3*x - 3. What are the prime factors of r(8)?
19
Suppose 4*j + 2 = -2*c - 18, 4*c + 37 = -5*j. Let t = -8 - c. Suppose -2*p + p + 16 = t. What are the prime factors of p?
2
Suppose 2*y + 51 = w - 32, w + 3 = 0. Let r = y - -66. What are the prime factors of r?
23
Let t be 39/((-3)/(-3)) - -2. Suppose -4*v + o = -t, -2*v + 2*o = -2*o - 10. Suppose 5*w + 5*m = 24 + v, 0 = -4*w + 2*m + 40. What are the prime factors of w?
3
Suppose -7*m = -4*q - 2*m - 7, 2*m - 16 = -5*q. Let s(o) = 3*o**3 - 2*o**2 + o + 1. What are the prime factors of s(q)?
19
Let t(o) = o**3 - 13*o**2 - 17*o + 2. What are the prime factors of t(15)?
197
Let d = 23 - 52. Let g = -19 - d. List the prime factors of g.
2, 5
Let p be 2 - (-1 + (3 - 5)). Suppose -163 - 52 = -p*t - 5*q, -2*q = 3*t - 126. Suppose -4*a + 40 = 4*u, t = 4*u + 2*a - 6*a. What are the prime factors of u?
2, 5
Suppose 0 = -z - 3 + 11. What are the prime factors of z*(28/8 + -2)?
2, 3
Let u(x) = 2*x + 8. What are the prime factors of u(10)?
2, 7
Let y = -6 + 9. Suppose y*p + 0 = 18. What are the prime factors of p?
2, 3
List the prime factors of (-4 - 0) + 19 + 306.
3, 107
Suppose -4*c - 425 = -3*l, -3*l - 5*c = 177 - 584. What are the prime factors of l?
139
Let u be -62*1/(-2) + 1. Let n = u + -19. List the prime factors of n.
13
Suppose -p = 3*p - 16. Let u(k) = k**3 + 5*k**2 - 6*k. Let a be u(-6). Suppose a = 5*h - p*h - 14. What are the prime factors of h?
2, 7
Let p = 177 - 101. What are the prime factors of p?
2, 19
What are the prime factors of 1/(-1 - (-32)/31)?
31
Let s = -3 + 8. Suppose 4*d - 52 = -s*n, 2*n - 20 = -5*d + 3*d. What are the prime factors of n?
2, 3
Let t(h) = 38*h**2. List the prime factors of t(1).
2, 19
Let k = 4 - 4. Suppose -21 = -2*a + 5*g, -2*a + k*a - g = -27. What are the prime factors of a?
13
Suppose 0 = -3*n + 15, -3*n = -3*h + 2*n - 25. Suppose h = -2*t - 0 + 2, 3*k = 3*t + 30. What are the prime factors of k?
11
Suppose f = i + 9 - 2, 12 = 4*f. Let c = 2 - i. Let q = -3 + c. List the prime factors of q.
3
Let c = -10 + 73. List the prime factors of c.
3, 7
Let q = 0 - -1. Suppose -u = -3*g - 35, 0 = u + q. List the prime factors of g*(-1 + (-1)/(-4)).
3
Let l(k) = -4*k - 7. List the prime factors of l(-3).
5
Suppose -4*o + 42 = -138. What are the prime factors of o?
3, 5
Let l = -29 + 87. List the prime factors of l.
2, 29
Suppose 4 = 3*l - 8. Let s = 1 + l. Suppose -s*n = 3*y - 62, 3*y + 20 = 3*n + 2. List the prime factors of n.
2, 5
Suppose -5*j + 103 = 3*y, -2*y + 9 = -4*j - 45. What are the prime factors of y?
31
Let s(x) = -6*x - 7. Let m be s(-2). Suppose m*a - 190 - 40 = 0. List the prime factors of a.
2, 23
Let n = 7 - 5. Let z = 6 - n. List the prime factors of (-40)/6*(-6)/z.
2, 5
Let t = 95 - 44. What are the prime factors of t?
3, 17
Suppose r + 4*r = -20. What are the prime factors of (-6)/((-1)/(-2)*r)?
3
Let b = -91 - -48. Let h = b - -61. What are the prime factors of h?
2, 3
Let g = 2 - 0. Suppose -3*s = -g*b + b + 16, 4*s = 4*b - 32. List the prime factors of b.
2
Let l(x) = x**3 - 6*x**2 - 2*x - 2. Let c be l(7). Suppose 5*d - o = 17, 5*d = 4*o + c - 10. Suppose d*w = -w + 8. List the prime factors of w.
2
Suppose -4*h + 103 + 25 = 4*u, -4*u = 2*h - 70. What are the prime factors of h?
29
Suppose -7 = -2*h - 2*j + 3, -h = 2*j - 4. Let d = h + -1. Suppose d = x, 4*u + 4 = 2*x + 2. List the prime factors of u.
2
Suppose -4*h + 2*b - 31 = b, h + 10 = -2*b. Let k(g) = -g**3 - 9*g**2 - 9*g + 1. What are the prime factors of k(h)?
3
Suppose 5*c + 5*f - 1205 = 0, 755 = 3*c - 4*f - f. Suppose -4*u - 13 = -c. What are the prime factors of u?
2, 29
Suppose 0*x + 4*x - 24 = 0. Let d be (-1 - x/(-3))/1. What are the prime factors of (-4 - -6) + (d - -16)?
19
What are the prime factors of -1 + -1 + 0 + 40?
2, 19
List the prime factors of 68/(-2)*(-1 + -1).
2, 17
Suppose -5*v + 31 = -2*i - 32, 5*i - 24 = -4*v. What are the prime factors of v?
11
Let z(o) = -4*o. Let a be z(-1). Suppose -16 = -0*x - x + 3*m, -4*x + a*m = -64. List the prime factors of x.
2
Let w = -6 - 6. Let l(i) = -3*i - 15. What are the prime factors of l(w)?
3, 7
Suppose 4*s + 0 - 20 = 0. S